me factors of j.
2, 971
List the prime factors of 7196 + 0 - (-28)/(-24)*6.
7, 13, 79
Let w(a) = -a - 26. Let o be w(-21). Let s(l) = -4*l**2 - 2*l. Let h be s(-2). List the prime factors of ((40/h)/o)/((-2)/(-255)).
5, 17
Suppose -10*s - s = -110. Suppose -7*a = -25 - s. Suppose 639 = a*c + 5*b - 111, -4*c + 584 = -4*b. What are the prime factors of c?
2, 37
Let k(j) = -6*j + 53. Let c be k(9). What are the prime factors of (149 - c - 4)*(-1)/(-2)?
73
Let c be 2 + 1515/4 - 1/(-4). Let l be (6 - 129) + 14/2. Let x = l + c. What are the prime factors of x?
5, 53
Let n = -26 + 12. Let i be n/91 + (-1252)/(-26). What are the prime factors of i + (-3 - (5 + -5))?
3, 5
Suppose 20*u = 21*u - r - 190, 5*u + 4*r - 923 = 0. List the prime factors of u.
11, 17
Let b(k) be the second derivative of k**5/10 - 13*k**4/12 + 5*k**3/6 + 19*k**2/2 + 167*k. What are the prime factors of b(9)?
7, 67
Let a(u) = -8681*u + 544. What are the prime factors of a(-3)?
11, 2417
Let j(y) = -4*y - 71. Let s be (12/1)/(4/(-10)). List the prime factors of j(s).
7
Let g(s) = 2*s**2 + 14*s - 4. Let a be g(-6). Let z be (4 - a) + (3 - -2). Suppose -16*q + z*q = 405. What are the prime factors of q?
3, 5
Let p(s) = 66*s**2 - 76*s + 483. List the prime factors of p(6).
3, 89
Suppose 4*k + 4 = 0, 0*k + 4*k + 15 = d. Suppose -d*v = -6*v - 275. Suppose -5*c = 5*f - v, -f - f + 23 = 3*c. List the prime factors of f.
2, 5
Let d = -5454 + 14600. List the prime factors of d.
2, 17, 269
Suppose -5*l = -3*k - 879 - 3917, 1918 = 2*l - k. Let u = l - 523. What are the prime factors of u?
3, 5, 29
Let c be (-1 + 0)*(-5 + 12). Let u be 181 + -1 + c/(14/4). Suppose u = 2*j - 44. List the prime factors of j.
3, 37
Let q be (2/(-2))/((-25470)/2315 - -11). Let v = q + 138. What are the prime factors of v?
601
Let w(q) = 2*q - 74. Let g(l) = l - 25. Let h(i) = 17*g(i) - 6*w(i). Suppose 0 = f + 4*o, 12*f = 11*f - 3*o. List the prime factors of h(f).
19
Let l = -374 - -376. Suppose l*q = 3*y - 2372, -2*y + q = -1054 - 527. What are the prime factors of y?
2, 5, 79
Suppose -2*b = 0, -h - 2*b + 80 = -33. Suppose 2*s - 113 = -p, 19*p - 4*s = 20*p - h. List the prime factors of p.
113
Suppose -482913 + 525173 + 1022722 = 159*z. What are the prime factors of z?
2, 17, 197
Suppose 0 = -0*q + 4*q. Suppose -3*u - 2*v + 242 = 0, 34*u - 319 = 30*u + v. Suppose q = 2*a - u - 74. What are the prime factors of a?
7, 11
Suppose 73*b + 84 = 70*b. List the prime factors of (-5)/(8/b + (-34)/(-168)).
2, 3, 5
Let z = -292 - -297. Suppose -z*u = -239 - 2371. List the prime factors of u.
2, 3, 29
Let t be (-18)/(-30) - (-36)/15. Let o(f) = -12 + 2*f**2 + 23*f**3 - 54*f**t + 29*f**3 + 2*f**2. What are the prime factors of o(-4)?
2, 3, 5
Suppose -v - 673 = -265. Let h be 2 - 2 - (-580 - -3). Let b = v + h. List the prime factors of b.
13
Suppose 0 = -2*t + 3*k + 32323, 0 = 5*t - k - 26524 - 54329. List the prime factors of t.
2, 13, 311
Suppose -42*u = -45*u + 6. Let p(o) = o + 2. Let i be p(u). Suppose 0 = i*s - 45 - 7. List the prime factors of s.
13
Let k(c) = -c**2 + 33*c - 50. Let d be k(31). Suppose -2*w - 629 = -3*v, -d*w + 16*w = -v + 205. What are the prime factors of v?
11, 19
Let o(s) = -64*s - 837. What are the prime factors of o(-61)?
3067
Let q(x) = 7*x**3 - 338*x**2 + 109*x + 26. List the prime factors of q(49).
2, 43, 101
Suppose b = -4*m + 7107, -b + 5381 = -3*m - 1761. What are the prime factors of b?
7127
Let p = 23 - -105. Suppose t - p = 82. Suppose 4*k - 2*k + t = 3*h, 2*k = 4*h - 282. List the prime factors of h.
2, 3
Let s = 39 + -41. Let n be ((-1071)/(-14))/((-1)/s). Suppose -5*u = -4*c + 372, 2*c - 4*u - n = 39. List the prime factors of c.
2, 11
Let n(u) = 242*u - 9. Let a be n(2). Suppose 2*i - j - 190 = -2*j, 5*i - a = 5*j. What are the prime factors of 4313/i + (-4)/10?
3, 5
Suppose 4*i = 2*n - 338, 5*i + 424 = 39*n - 35*n. List the prime factors of ((-32)/3 - i/14)*-123.
2, 7, 41
Let r be (-3)/6*-2*(-2 - -6). Suppose -4*s = -r*f - 16, 0*f = -f - 5*s + 20. Suppose f = l - 4*a - 1 + 2, -a = 3*l - 49. List the prime factors of l.
3, 5
Let y(r) = -177*r**3 + 43*r + 176. What are the prime factors of y(-4)?
2, 2833
Suppose -6*n = 14*n + 4*n - 187464. What are the prime factors of n?
73, 107
Let k = -90 - -96. List the prime factors of (40/k)/(2/93).
2, 5, 31
Let a = 4071 - -716. List the prime factors of a.
4787
Suppose -9*g = -6*g + 3, -5*g = -2*s + 2029. What are the prime factors of s + -4 + (8 + -2)/(-6)?
19, 53
Let u be (8 - 1) + (-1 - 3). Let j(v) = -2*v + u*v + 92 - 5*v + 5*v. What are the prime factors of j(0)?
2, 23
Let a(t) = 31*t**3 + 8*t**2 - 8*t - 6. List the prime factors of a(6).
2, 3, 5, 7, 11
Let z(k) = 5825*k - 626. List the prime factors of z(2).
2, 13, 53
Let a(g) = 2*g**2 - 15*g + 13. Let f be a(-17). Suppose 2*r - 2428 = -f. List the prime factors of r.
7, 113
Let x = 32001 - 10954. List the prime factors of x.
13, 1619
Suppose x - 5*z - 20383 = 0, 123*x + 2*z = 118*x + 101915. List the prime factors of x.
11, 17, 109
List the prime factors of 440/55*(24279/8)/3.
8093
Let v = -442 + 598. Let z = v + 420. List the prime factors of z.
2, 3
Let c = -149 + 159. Let a(b) = b**2 - 10*b + 3. List the prime factors of a(c).
3
Suppose -k = 5*j - 145, -2*j - 102 = -6*j + 2*k. Suppose -326 + j = -q. Let b = -212 + q. What are the prime factors of b?
2, 43
Let q be (-188)/20 + (-6)/(-15). What are the prime factors of (q/(-36)*-724)/((-1)/4)?
2, 181
Suppose -2*z = 5*t - 25948, -3*z = 76*t - 73*t - 38904. What are the prime factors of z?
2, 7, 463
Let k(b) = -12*b**3 - b**2 + 2*b - 2. Let y = 41 - 40. Let x be k(y). Let d(h) = -h**3 - 13*h**2 - 14*h - 8. List the prime factors of d(x).
2, 3, 29
Suppose 248*g - 231*g - 68765 = 0. What are the prime factors of g?
5, 809
Let n be 2/(-4)*-10 + 48 + -11. Suppose 39*t + 2925 = n*t. List the prime factors of t.
3, 5, 13
Let x = 34155 - 21827. List the prime factors of x.
2, 23, 67
Let d be (0 + 4*-1)/((-4)/3). Let r(s) = -7*s**2 + 0 - 3*s**d + 2*s**3 + 2 - 2*s**2. List the prime factors of r(-11).
2, 61
Let l = -289 - -292. Suppose 8*z - 920 = 3*z + 5*t, 2*z - l*t = 371. What are the prime factors of z?
181
Let v(b) = b - 3. Let d be v(5). Suppose d = y - 3*x - 9, -5*y = 2*x - 21. What are the prime factors of y/(-15) + (-786)/(-9)?
3, 29
Let b(r) = r**2 + 3*r + 709. List the prime factors of b(-95).
11, 859
Suppose -2*s - 421 = -421. List the prime factors of (2 - -13)*((-1242)/(-45) - s).
2, 3, 23
Let a = 636 - 606. Suppose -31*t = -a*t - 712. What are the prime factors of t?
2, 89
Let g = -2 - -5. Let p(h) = h**3 + 2*h**2 - 13*h - 18. Let r be p(-4). Suppose 5*b - g*u - 1154 = -43, -r*b = -5*u - 452. List the prime factors of b.
13, 17
Suppose 2229 = 5*t + 114. Suppose t*o + 1932 = 427*o. What are the prime factors of o?
3, 7, 23
Let c(p) = 5*p - 84. Let x be c(14). What are the prime factors of (-6)/(-4) - 12313/x?
881
Suppose 332*p - 10766 = 330*p. Suppose -18*s = -9089 - p. List the prime factors of s.
2, 3, 67
Suppose 23*f = -4*f + 405. Suppose 5*m + 10280 = f*m. What are the prime factors of m?
2, 257
Let b = -822 - -1843. Let k = b - 439. List the prime factors of k.
2, 3, 97
Let p = 164 - 157. Suppose -p*g + 2*g = 3*b - 329, 0 = 2*b - 5*g - 211. What are the prime factors of b?
2, 3
Let u = 1908 - 984. Let o(l) = -189*l - 1. Let v be o(-3). Suppose -10*s + u = -v. List the prime factors of s.
149
Suppose 0 = 20*x - 363057 + 108057. What are the prime factors of x?
2, 3, 5, 17
Let d(h) = 1383*h - 2347. What are the prime factors of d(9)?
2, 5, 101
Let d be -99*(33/9 - 4). Let f = d + -33. Suppose -v + 7*v - 858 = f. What are the prime factors of v?
11, 13
Suppose 5*q = 13*x - 11*x + 154470, 3*q - 92701 = 5*x. What are the prime factors of q?
2, 7723
Let p(b) = -b**3 + 2*b**2 + 12*b - 11. Let o be p(4). Suppose -2*c = -c - l - 481, o*l = -c + 469. List the prime factors of c.
479
Let p = -264 + 816. Suppose -2 = -4*k + 3*k. List the prime factors of p/6 - (k - 2).
2, 23
Let g = -1714 + 6409. List the prime factors of g.
3, 5, 313
Let z be (-6)/(-8) + 20/16. Suppose 335 = 4*g - 4*n - 173, -g + 124 = -4*n. Suppose 0 = -z*p + g + 8. What are the prime factors of p?
2, 17
Let u = -12875 + 41518. What are the prime factors of u?
28643